 digit of (2/4)/(u/(-60))?
5
Suppose -80 = -11*u + 6*u. What is the units digit of u?
6
Suppose -a = 2*a - 33. Let g = a - 4. Let k = 12 - g. What is the units digit of k?
5
What is the units digit of 70 + 4 - (-3 - -4)?
3
Let c = 0 + 4. Suppose -2*o = -c*d - 118, 0*o + o = 5*d + 50. Suppose -2*g - 30 = -0*n - 4*n, o = 4*n + 5*g. What is the units digit of n?
0
Suppose 39*l - 180 = 35*l. What is the tens digit of l?
4
Let l be (-27)/6*(-2)/3. Let o = l - 0. Suppose 0 = -5*m + 2*g + o*g + 5, -2*m + 5*g - 13 = 0. What is the units digit of m?
6
Suppose -2*a + 122 = q, 2*a - 5*a + 3*q = -165. What is the units digit of a?
9
Let n = -6 - -26. Suppose -5 = -y + 3*f, -f + 0 - n = -4*y. Suppose -51 = -y*l + 9. What is the units digit of l?
2
Suppose -3*l = -0*l. Suppose l = 5*v - 4*b - 1, -v = -5*b + 4*b. What is the units digit of v?
1
Suppose -2*i + 35 = -465. What is the hundreds digit of i?
2
Suppose -17*c + 23*c - 456 = 0. What is the units digit of c?
6
Let x = 12 + 40. What is the tens digit of x?
5
Let h be 358/(-3) + (-16)/24. Let o = -85 - h. What is the tens digit of o?
3
Suppose 0 = -0*p + 4*p. Let a = p - -21. What is the tens digit of a?
2
Let m be (345/(-20))/(6/(-16)). Suppose -5*a - 3*l = -75, -3*a + 3*l + m = 5*l. Suppose j = -3*j + a. What is the units digit of j?
3
Let o = -10 - 2. Suppose -4*y = -0*y - 68. Let k = y + o. What is the units digit of k?
5
What is the units digit of -33*(-1 - 0/(-2))?
3
Let z(j) = -j**3 - 8*j**2 - 7*j - 7. Let h be z(-7). Let s = -6 - h. What is the units digit of 2*s/2 + 4?
5
Suppose -2*j - 12*j = -3696. What is the tens digit of j?
6
Suppose -5*y + u - 78 + 1161 = 0, 4*y + u - 861 = 0. What is the units digit of y?
6
Suppose -42 = -4*m + 3*d + 18, -22 = -m - d. What is the units digit of m?
8
Suppose -4*c - 2*i + 0*i + 290 = 0, 5*c = 4*i + 330. What is the units digit of c?
0
Let g(z) = -15*z - 25. Let x(i) = 8*i + 13. Let k(n) = 6*g(n) + 11*x(n). What is the units digit of k(-6)?
5
Suppose -r - 4*w = -19, w = -7 + 2. Let x = r - 11. What is the tens digit of x?
2
Let d be (-3 - 2)*(-44)/10. Suppose 4*n - d = 6. What is the units digit of n?
7
Let l be (21/9)/(2/6). Suppose l + 13 = 4*q. Suppose -7 = q*k - 22. What is the units digit of k?
3
Suppose 12 = 3*v - 0. What is the units digit of v?
4
Let i(n) = -2 + 0*n**2 + 7 + 0*n**2 - 12*n + n**2. Let j(l) = -2*l**2 + 23*l - 9. Let t(d) = 5*i(d) + 3*j(d). What is the units digit of t(6)?
6
Suppose -668 = -9*v + 1051. What is the hundreds digit of v?
1
Let a(q) = 65*q**2 - 1. Let c be a(-1). Let b = c - 44. What is the units digit of (b/12)/(2/6)?
5
What is the units digit of 1 - (-2 - -4) - -33*11?
2
Let g = 1 - -2. Suppose -z = -g - 2. What is the units digit of z?
5
Let i = 8 - 13. Let n = i + 8. Suppose 2*q + 0*q + n*r - 12 = 0, 2*q - 12 = -4*r. What is the units digit of q?
6
Let q(n) = -n**2 + 6*n - 6. What is the units digit of q(4)?
2
Suppose b + 3*x + 4 = 3*b, 2*x + 24 = -4*b. Suppose -r + 4 = -0*r. What is the units digit of (-6)/r*b/3?
2
Suppose 0 = 2*b - c - 138, 5*b + 4*c - 128 = 3*b. What is the units digit of b?
8
Suppose 235 = 3*o - 104. What is the tens digit of o?
1
Let t = -115 + 283. Suppose -g = 2*g - t. What is the units digit of g?
6
What is the units digit of 1/(-4) + 634/8?
9
Let o = -1 - -2. Let k be o/(3*3/135). Let r = -9 + k. What is the units digit of r?
6
Let w = -16 - -11. Let p(y) = y + 4. Let v be p(w). Let i = 3 + v. What is the units digit of i?
2
Suppose 230 = 5*k - 190. What is the tens digit of k?
8
Suppose 489 = 3*c - 3*w + 123, -4*c + 488 = 4*w. What is the tens digit of c?
2
Let x(h) = -h**3 + 7*h**2 + 6*h - 5. What is the units digit of x(7)?
7
Let k(x) = -x + 12. Let b be k(8). Suppose -i + 5*i = b. What is the units digit of i?
1
Suppose 3*z - 447 = 141. What is the units digit of z?
6
Let r = 2 + -1. What is the units digit of ((-10)/r)/(-2) - 0?
5
Let x(f) = -f**2 - 10*f - 6. Let j be x(-9). Let u(b) = 7 - b**2 + 2 + j*b + 4*b + 0. What is the units digit of u(7)?
9
Let r(k) be the third derivative of -k**5/12 + k**4/8 - k**3/6 + 2*k**2. Let n be r(3). Let x = 53 + n. What is the tens digit of x?
1
Let b = 11 + -7. Let m(h) = h**3 - 2*h**2 - h. Let s be m(2). Let q = s + b. What is the units digit of q?
2
Let o(p) = p**3 + 11*p**2 + 8*p - 10. Suppose 0 = -i + 4*c - 26, 2*i - 4*c - 4 = 4*i. What is the tens digit of o(i)?
1
Let z(l) be the first derivative of -l**2 - 8*l - 1. Suppose j + 0*j + 7 = 0. What is the units digit of z(j)?
6
Suppose -2*j - 30 = 2*o - 326, 2*j - 734 = -5*o. What is the units digit of o?
6
Let h(m) = m**3 - m**2 - m. Let y(t) = 2*t**3 - t**2 + 3*t. Let a(f) = h(f) + y(f). What is the tens digit of a(2)?
2
Let c be 19/2*(1 - -1). Let k = 63 - c. Suppose -4*o = -0*o - k. What is the tens digit of o?
1
Let x(w) = 50*w - 40. What is the units digit of x(4)?
0
Let l(p) = p**3 - 5*p**2 - 9*p - 6. Let v be l(7). Suppose 0 = -4*c - s + 14 + 45, -c = 5*s - v. What is the tens digit of c?
1
Let d = -40 + 29. Let q = d + 24. What is the units digit of q?
3
Let w(g) = g**2 - 4*g - 7. Let h be w(6). Suppose 4*t - 109 = -h*a, 2*a - 42 = -0*t - 2*t. What is the units digit of a?
5
Let s(d) = d**2 - 3*d - 5. Let t be s(5). Suppose 56 = t*a - a. What is the tens digit of a?
1
Let s = 47 + 0. What is the units digit of s?
7
Let x(b) = 15*b. Let y = 4 + -3. What is the tens digit of x(y)?
1
Let g(h) = h**2 + 7*h - 12. Let k be -10 + -2 - -2*1. What is the units digit of g(k)?
8
Suppose 5*q = -2*l, 2*l + 9 + 5 = 2*q. Suppose q*a - 1 = 4*k + 29, -5*a - 2*k = -51. What is the units digit of a?
1
Suppose 0 = -4*x + x + 66. Suppose 4*s = 2*s + x. What is the tens digit of s?
1
Suppose -6*g = -g - 40. What is the units digit of g?
8
Let d(r) = -r - 7. Let q be d(-12). Suppose 5*p + 17 - 93 = -3*b, 0 = -p + q*b + 4. What is the units digit of p?
4
Suppose 5*k + 3*x - 2*x + 4 = 0, x + 4 = 0. Suppose -2*s + k*s = -8. What is the units digit of s?
4
What is the hundreds digit of ((-880)/25)/((-12)/90)?
2
Let y = -82 - -152. What is the units digit of y?
0
Let y(j) = j + 2. Let s be y(-2). Suppose -3*b + 26 + 61 = s. What is the units digit of b?
9
Suppose -135 = 12*s - 15*s. What is the units digit of s?
5
Let s(w) = -16*w**2 - 3*w + 1. Let y be s(2). Let l = -34 - y. What is the tens digit of l?
3
Suppose 0 = -5*h + 258 + 67. Suppose -2*a = 3*a - h. Suppose -m - c + a = 0, c - 36 = 5*m - 113. What is the units digit of m?
5
Let m(t) = t**2 + 7*t + 5. Let p(v) = v**3 + 7*v**2 + 7*v. Let b be p(-6). Let i be m(b). What is the units digit of i + (0 - -2) + 5?
6
Suppose -4*r + 19 = -121. Suppose 5*l - 215 = -r. Suppose -m + 4*m = l. What is the units digit of m?
2
Suppose 0 = o - 0*o - 4*z - 36, -4*o + z = -159. Suppose 5*j - 3*v = 35 + o, 0 = -5*j - 2*v + 75. What is the tens digit of j?
1
Suppose -i + 3 = -5*k, -k + 0*k = 2*i - 6. Suppose k = 5*s - 13 - 7. What is the units digit of s?
4
Suppose 0*d - 2 = -d. Suppose 11 = -5*z - d*k + 30, 16 = 2*z + 5*k. What is the units digit of ((-6)/z)/(-4)*8?
4
Suppose 4*i - 2*m = 248, i - 2*i + 2*m = -68. What is the units digit of i?
0
Suppose 3*a + 4*v = 4*a + 46, 4*v + 78 = -a. Let u = -41 - a. What is the units digit of u?
1
Let i = 0 + -3. What is the units digit of 10 + i + 6/1?
3
Let a(k) = 2*k. Let r be a(7). Suppose 0 = -3*n + 4*y - y + 9, 3*n - 4*y - 10 = 0. Suppose -v = 2*s - 2, -n*v - 4*s = -2*s - r. What is the units digit of v?
2
What is the units digit of 2/6*(2 - -10)?
4
Let s be ((-3)/9*0)/(-1). Suppose s = -5*a - 5, -5*t - 7*a = -3*a - 66. What is the units digit of t?
4
Let f(d) = 3*d**2 + d. Suppose -4*r + 22 = -3*p + 5*p, -5*r + 26 = p. What is the units digit of f(p)?
4
What is the units digit of (-4)/(1/(-17)*1)?
8
Let n(q) = 2*q. Let r be n(1). Suppose r*i - 8 = -0*i. What is the units digit of i?
4
Suppose -2*m + 10 = 2. Suppose 0*u - m = 4*u. What is the tens digit of 12 - u/(-1)*1?
1
Suppose -392 = -4*x + 4*r, 3*x - 2*x + 4*r = 88. What is the tens digit of x?
9
Suppose 0 = -a - 3*l - 2 - 10, -4*a + 17 = -l. Suppose 0 = 4*f - 2*o + 26, -a*o - 9 = 2*f - 0*f. Let y = 5 - f. What is the units digit of y?
1
Let g(w) = -w**3 + 10*w**2 + 4*w + 17. What is the tens digit of g(10)?
5
Suppose 0 = -z + 6 + 2. Let j = 11 - z. Suppose -14 + 38 = j*p. Wh